r of 284544811 and 491?
491
Calculate the highest common factor of 82823 and 91126.
23
Calculate the greatest common factor of 2673 and 16839.
9
Calculate the highest common divisor of 14 and 186979324.
14
Calculate the greatest common divisor of 20 and 901096810.
10
What is the greatest common divisor of 714662286 and 639?
213
What is the highest common divisor of 108402019 and 3124?
781
Calculate the greatest common divisor of 485584 and 9406144.
5456
What is the highest common factor of 10448 and 70015966?
1306
Calculate the highest common factor of 5533332 and 3534.
114
What is the greatest common divisor of 16286144 and 336?
112
What is the greatest common factor of 4152300 and 2775?
75
Calculate the greatest common factor of 27285 and 2195.
5
Calculate the highest common factor of 188512000 and 23975.
3425
What is the greatest common factor of 1875 and 15339?
3
Calculate the highest common factor of 4661376 and 128.
128
What is the greatest common factor of 6179007 and 19839?
51
What is the greatest common divisor of 107961132 and 1548?
516
Calculate the highest common factor of 1394433 and 11709.
9
What is the highest common factor of 8024 and 7328156?
68
Calculate the highest common factor of 1229618 and 806.
26
What is the greatest common divisor of 95662728 and 1057?
1057
What is the greatest common factor of 59523210 and 81?
9
What is the greatest common divisor of 1637337 and 507?
39
What is the highest common factor of 2816598 and 1487202?
4782
Calculate the greatest common factor of 16771 and 13350798.
541
Calculate the greatest common divisor of 1881703824 and 182.
182
What is the highest common factor of 7046 and 176450810?
542
What is the highest common factor of 36581 and 12081464?
157
What is the greatest common factor of 16 and 24168208?
16
What is the highest common factor of 696250 and 4025?
25
Calculate the greatest common divisor of 337 and 4857181.
337
What is the highest common divisor of 33070 and 45860?
10
What is the greatest common divisor of 1432792728 and 18?
18
Calculate the highest common divisor of 2768 and 5940820.
692
Calculate the highest common divisor of 218806 and 1204.
14
What is the highest common divisor of 14073108 and 60?
12
What is the highest common divisor of 27887 and 316994?
353
Calculate the greatest common divisor of 52387901 and 215777.
4591
Calculate the greatest common divisor of 554795 and 3348351.
6527
What is the highest common divisor of 4932 and 25249374?
2466
What is the greatest common factor of 68562 and 10062?
234
What is the greatest common factor of 456136 and 34339?
23
Calculate the greatest common divisor of 22232 and 50370566.
794
Calculate the greatest common divisor of 14747860 and 76588.
1868
Calculate the greatest common divisor of 268514050 and 359.
359
Calculate the greatest common factor of 154 and 1297186.
22
Calculate the greatest common divisor of 43033678 and 5636.
2818
Calculate the highest common factor of 93285 and 246051.
27
Calculate the greatest common divisor of 49575 and 53400.
75
Calculate the highest common factor of 6620866 and 9646.
742
Calculate the greatest common factor of 14738516 and 2806232.
11596
What is the highest common factor of 36 and 1231581?
3
Calculate the greatest common divisor of 416 and 4236320.
32
Calculate the greatest common factor of 148354162 and 11.
11
Calculate the greatest common divisor of 51 and 35810211.
51
Calculate the greatest common divisor of 476484 and 14806.
1346
Calculate the greatest common divisor of 1025 and 1311075.
25
What is the highest common factor of 893091 and 399204?
2559
What is the greatest common divisor of 230987 and 460661?
101
What is the highest common factor of 484949 and 36481?
191
What is the greatest common divisor of 470072 and 45292?
268
Calculate the greatest common factor of 6 and 933328482.
6
Calculate the greatest common divisor of 1986 and 25696192.
662
What is the greatest common divisor of 9741 and 1169073?
51
What is the greatest common divisor of 6 and 1275696?
6
Calculate the greatest common factor of 887805 and 2289.
327
Calculate the highest common factor of 4321740 and 1784.
892
What is the highest common factor of 58421661 and 7464?
933
What is the greatest common divisor of 457636 and 1116204?
764
Calculate the highest common divisor of 7568 and 315824.
16
Calculate the highest common divisor of 10514 and 13519502.
1502
Calculate the greatest common factor of 2116704 and 1081698.
7782
What is the highest common factor of 1088 and 541552?
272
Calculate the greatest common divisor of 1398959 and 3173.
167
Calculate the highest common divisor of 23880 and 1696077.
597
What is the greatest common divisor of 14546 and 96124?
14
What is the greatest common divisor of 165009 and 18915?
39
What is the greatest common divisor of 84 and 148537816?
28
Calculate the highest common factor of 2085222 and 18.
6
Calculate the greatest common divisor of 39605511 and 341.
11
What is the highest common divisor of 21217205 and 285?
95
What is the greatest common divisor of 46251 and 121475682?
5139
Calculate the highest common divisor of 300 and 211053250.
50
What is the highest common factor of 9 and 3198668?
1
Calculate the greatest common divisor of 1070891 and 11021.
103
What is the greatest common factor of 585 and 172965?
195
What is the greatest common factor of 59263289 and 5921?
5921
What is the highest common factor of 2655087 and 2656?
83
What is the highest common factor of 8724409 and 2060?
103
Calculate the greatest common divisor of 11498936 and 544.
136
Calculate the highest common factor of 50736 and 119904.
48
What is the greatest common divisor of 39376260 and 143451?
2079
What is the highest common divisor of 114800 and 10360?
280
What is the highest common factor of 1267 and 1392713?
7
What is the greatest common divisor of 10127 and 37921?
13
What is the greatest common factor of 405 and 2028315?
15
Calculate the greatest common factor of 845413 and 2993.
73
What is the highest common factor of 10516 and 52492?
44
Calculate the highest common factor of 24835 and 98356534.
4967
Calculate the greatest common divisor of 54 and 3993906.
6
Calculate the highest common divisor of 29866 and 751664.
218
What is the highest common factor of 238 and 823261159?
119
Calculate the greatest common divisor of 8 and 545734988.
4
Calculate the greatest common factor of 2153354 and 840.
14
Calculate the greatest common divisor of 203426 and 169978.
74
Calculate the greatest common factor of 7190059 and 13788.
383
What is the highest common factor of 2438 and 940401?
23
What is the greatest common factor of 1000 and 16172375?
125
Calculate the highest common divisor of 2275 and 18024175.
325
What is the greatest common factor of 552 and 46256496?
552
What is the highest common divisor of 18416897 and 27641?
131
What is the greatest common factor of 804882028 and 76?
76
Calculate the greatest common divisor of 30 and 19328840.
10
What is the highest common factor of 60 and 22054356?
12
What is the greatest common factor of 715488 and 228?
12
What is the highest common factor of 16663352 and 1727?
157
Calculate the greatest common divisor of 300950250 and 120.
30
What is the highest common divisor of 18246 and 189387398?
6082
What is the greatest common divisor of 30791 and 286057?
41
Calculate the greatest common divisor of 216471890 and 430.
430
What is the greatest common factor of 107924676 and 36?
12
What is the highest common divisor of 2336139 and 288?
9
What is the highest common divisor of 190 and 89637985?
5
What is the greatest common factor of 28885 and 974395036?
5777
Calculate the highest common factor of 114 and 2299764.
6
What is the greatest common divisor of 296018 and 1446413?
283
What is the highest common factor of 12372187 and 1563?
521
What is the highest common factor of 35838084 and 24?
12
Calculate the highest common divisor of 14 and 79617342.
14
Calculate the greatest common factor of 518406 and 1722.
42
Calculate the highest common divisor of 4 and 249632.
4
Calculate the highest common divisor of 215 and 769415.
5
What is the highest common divisor of 3645 and 43434549?
729
What is the greatest common divisor of 297 and 6023996?
11
Calculate the highest common 